{"id":10,"date":"2011-10-22T08:31:44","date_gmt":"2011-10-22T08:31:44","guid":{"rendered":"http:\/\/www.sanktgeorg-apotheke.de\/?page_id=10"},"modified":"2025-11-19T11:48:48","modified_gmt":"2025-11-19T11:48:48","slug":"kontakt","status":"publish","type":"page","link":"https:\/\/www.apotheke-schenklengsfeld.de\/?page_id=10","title":{"rendered":"Kontakt \/ \u00d6ffnungszeiten"},"content":{"rendered":"<table style=\"width: 450px;\" border=\"0\" cellspacing=\"0\" cellpadding=\"0\">\n<tbody>\n<tr>\n<td valign=\"top\" width=\"225\"><strong>St. Georg Apotheke OHG<\/strong><br \/>\nM. M\u00f6ller-Riebold &amp; J. M\u00f6ller<br \/>\nLandecker Stra\u00dfe 17<br \/>\n36277 Schenklengsfeld<\/p>\n<p>Telefon: 06629-919100<br \/>\nFax: 06629-919101<\/p>\n<p>E-Mail: <a href=\"mailto:info@sanktgeorg-apotheke.de\">info@sanktgeorg-apotheke.de<\/a><\/td>\n<td valign=\"top\" width=\"10\"><\/td>\n<td valign=\"top\" width=\"215\">\n<table style=\"width: 100%;\" border=\"0\" cellspacing=\"0\" cellpadding=\"0\">\n<tbody>\n<tr>\n<td style=\"width: 45.0237%;\" valign=\"top\" width=\"80\">Montag<\/td>\n<td style=\"width: 54.5024%;\" valign=\"top\">08.30 &#8211; 13.00 Uhr<br \/>\n14.30 &#8211; 18.30 Uhr<\/td>\n<\/tr>\n<tr>\n<td style=\"width: 45.0237%;\" valign=\"top\" width=\"80\">Dienstag<\/td>\n<td style=\"width: 54.5024%;\" valign=\"top\">08.30 &#8211; 13.00 Uhr<br \/>\n14.30 &#8211; 18.30 Uhr<\/td>\n<\/tr>\n<tr>\n<td style=\"width: 45.0237%;\" valign=\"top\" width=\"80\">Mittwoch<\/td>\n<td style=\"width: 54.5024%;\" valign=\"top\">08.30 &#8211; 13.00 Uhr<\/td>\n<\/tr>\n<tr>\n<td style=\"width: 45.0237%;\" valign=\"top\" width=\"80\">Donnerstag<\/td>\n<td style=\"width: 54.5024%;\" valign=\"top\">08.30 &#8211; 13.00 Uhr<br \/>\n14.30 &#8211; 18.30 Uhr<\/td>\n<\/tr>\n<tr>\n<td style=\"width: 45.0237%;\" valign=\"top\" width=\"80\">Freitag<\/td>\n<td style=\"width: 54.5024%;\" valign=\"top\">08.30 &#8211; 13.00 Uhr<br \/>\n14.30 &#8211; 18.30 Uhr<\/td>\n<\/tr>\n<tr>\n<td style=\"width: 45.0237%;\" valign=\"top\" width=\"80\">Samstag<\/td>\n<td style=\"width: 54.5024%;\" valign=\"top\">08.30 &#8211; 12.30 Uhr<\/td>\n<\/tr>\n<\/tbody>\n<\/table>\n<\/td>\n<\/tr>\n<\/tbody>\n<\/table>\n<address>\u00a0<\/address>\n<address>W\u00e4hrend der Gesch\u00e4ftszeit sind wir telefonisch zu erreichen und au\u00dferhalb der \u00d6ffnungszeiten k\u00f6nnen Sie uns ein Fax oder eine E-Mail schicken. Wir werden Ihnen so schnell wie m\u00f6glich antworten.<\/address>\n\n\n<!-- Fast Secure Contact Form plugin 4.0.52 - begin - FastSecureContactForm.com -->\r\n<div style=\"clear:both;\"><\/div>\n<p>Wir freuen uns \u00fcber Ihre Bestellungen, Fragen und Anmerkungen<\/p>\r\n<div id=\"FSContact1\" style=\"width:375px;\">\r\n<form action=\"https:\/\/www.apotheke-schenklengsfeld.de\/index.php?rest_route=%2Fwp%2Fv2%2Fpages%2F10#FSContact1\" id=\"fscf_form1\" method=\"post\">\r\n\n<div id=\"fscf_required1\">\n  <span style=\"text-align:left;\"> *<\/span> <span style=\"text-align:left;\">indicates required field<\/span>\n<\/div>\n\n\n<div id=\"fscf_div_clear1_0\" style=\"clear:both;\">\n  <div id=\"fscf_div_field1_0\" style=\"clear:left; float:left; width:99%; max-width:550px; margin-right:10px;\">\r\n    <div style=\"text-align:left; padding-top:5px;\">\n      <label style=\"text-align:left;\" for=\"fscf_name1\">Name:<span style=\"text-align:left;\"> *<\/span><\/label>\n    <\/div>\r\n    <div style=\"text-align:left;\">\r\n      <input style=\"text-align:left; margin:0;\" type=\"text\" id=\"fscf_name1\" name=\"full_name\" value=\"\"  readonly=\"readonly\" \/>\r\n    <\/div>\r\n  <\/div>\n<\/div>\n\n<div id=\"fscf_div_clear1_1\" style=\"clear:both;\">\n  <div id=\"fscf_div_field1_1\" style=\"clear:left; float:left; width:99%; max-width:550px; margin-right:10px;\">\n    <div style=\"text-align:left; padding-top:5px;\">\n      <label style=\"text-align:left;\" for=\"fscf_email1\">Email:<span style=\"text-align:left;\"> *<\/span><\/label>\n    <\/div>\n    <div style=\"text-align:left;\">\n      <input style=\"text-align:left; margin:0;\" type=\"text\" id=\"fscf_email1\" name=\"email\" value=\"\"  readonly=\"readonly\" \/>\n    <\/div>\n  <\/div>\n<\/div>\n\n<div id=\"fscf_div_clear1_2\" style=\"clear:both;\">\n  <div id=\"fscf_div_field1_2\" style=\"clear:left; float:left; width:99%; max-width:550px; margin-right:10px;\">\n    <div style=\"text-align:left; padding-top:5px;\">\n      <label style=\"text-align:left;\" for=\"fscf_field1_2\">Betreff:<span style=\"text-align:left;\"> *<\/span><\/label>\n    <\/div>\n    <div style=\"text-align:left;\">\n      <input style=\"text-align:left; margin:0;\" type=\"text\" id=\"fscf_field1_2\" name=\"subject\" value=\"\"  \/>\n    <\/div>\n  <\/div>\n<\/div>\n\n<div id=\"fscf_div_clear1_3\" style=\"clear:both;\">\n  <div id=\"fscf_div_field1_3\" style=\"clear:left; float:left; width:99%; max-width:550px; margin-right:10px;\">\n    <div style=\"text-align:left; padding-top:5px;\">\n      <label style=\"text-align:left;\" for=\"fscf_field1_3\">Nachricht:<span style=\"text-align:left;\"> *<\/span><\/label>\n    <\/div>\n    <div style=\"text-align:left;\">\n      <textarea style=\"text-align:left; margin:0; width:99%; max-width:250px; height:120px;\" id=\"fscf_field1_3\" name=\"message\" cols=\"30\" rows=\"10\" ><\/textarea>\n    <\/div>\n  <\/div>\n<\/div>\r\n<div style=\"clear:both;\"><\/div>\n\n<div id=\"fscf_submit_div1\" style=\"text-align:left; padding-top:2px;\">\r\n\t\t<input type=\"submit\" id=\"fscf_submit1\" style=\"cursor:pointer; margin:0;\" value=\"senden\"  onclick=\"this.disabled=true; this.value='Submitting...'; this.form.submit();\" \/> \n<\/div>\n\n<input type=\"hidden\" name=\"fscf_submitted\" value=\"0\" \/>\n<input type=\"hidden\" name=\"fs_postonce_1\" value=\"af2e186a12250996a255fabbf39ddf2a,1778415699\" \/>\n<input type=\"hidden\" name=\"si_contact_action\" value=\"send\" \/>\n<input type=\"hidden\" name=\"form_id\" value=\"1\" \/>\n<input type=\"hidden\" name=\"mailto_id\" value=\"1\" \/>\n\n<\/form>\n<\/div>\r\n<div style=\"clear:both;\"><\/div>\n\n<!-- Fast Secure Contact Form plugin 4.0.52 - end - FastSecureContactForm.com -->\n\n","protected":false},"excerpt":{"rendered":"<p>St. Georg Apotheke OHG M. M\u00f6ller-Riebold &amp; J. M\u00f6ller Landecker Stra\u00dfe 17 36277 Schenklengsfeld Telefon: 06629-919100 Fax: 06629-919101 E-Mail: info@sanktgeorg-apotheke.de Montag 08.30 &#8211; 13.00 Uhr 14.30 &#8211; 18.30 Uhr Dienstag 08.30 &#8211; 13.00 Uhr 14.30 &#8211; 18.30 Uhr Mittwoch 08.30 &#8211; 13.00 Uhr Donnerstag 08.30 &#8211; 13.00 Uhr 14.30 &#8211; 18.30 Uhr Freitag 08.30 &#8211; [&hellip;]<\/p>\n","protected":false},"author":1,"featured_media":0,"parent":0,"menu_order":0,"comment_status":"closed","ping_status":"open","template":"","meta":{"footnotes":""},"class_list":["post-10","page","type-page","status-publish","hentry"],"aioseo_notices":[],"_links":{"self":[{"href":"https:\/\/www.apotheke-schenklengsfeld.de\/index.php?rest_route=\/wp\/v2\/pages\/10","targetHints":{"allow":["GET"]}}],"collection":[{"href":"https:\/\/www.apotheke-schenklengsfeld.de\/index.php?rest_route=\/wp\/v2\/pages"}],"about":[{"href":"https:\/\/www.apotheke-schenklengsfeld.de\/index.php?rest_route=\/wp\/v2\/types\/page"}],"author":[{"embeddable":true,"href":"https:\/\/www.apotheke-schenklengsfeld.de\/index.php?rest_route=\/wp\/v2\/users\/1"}],"replies":[{"embeddable":true,"href":"https:\/\/www.apotheke-schenklengsfeld.de\/index.php?rest_route=%2Fwp%2Fv2%2Fcomments&post=10"}],"version-history":[{"count":15,"href":"https:\/\/www.apotheke-schenklengsfeld.de\/index.php?rest_route=\/wp\/v2\/pages\/10\/revisions"}],"predecessor-version":[{"id":717,"href":"https:\/\/www.apotheke-schenklengsfeld.de\/index.php?rest_route=\/wp\/v2\/pages\/10\/revisions\/717"}],"wp:attachment":[{"href":"https:\/\/www.apotheke-schenklengsfeld.de\/index.php?rest_route=%2Fwp%2Fv2%2Fmedia&parent=10"}],"curies":[{"name":"wp","href":"https:\/\/api.w.org\/{rel}","templated":true}]}}